 i(48).
5
Let o(a) = -a**3 + 72*a**2 + 150*a - 169. Give o(74).
-21
Let v(r) = 100*r - 6304. Give v(63).
-4
Let b(y) = 2*y**2 - 4*y - 71. Give b(-6).
25
Let f(p) = p**3 + 38*p**2 + 78*p + 250. Give f(-36).
34
Let x(t) = -t**3 + 9*t**2 + 10*t - 85. What is x(9)?
5
Let u(t) = 6*t**2 - 10*t + 9. Calculate u(2).
13
Let k(w) = 108*w - 781. Calculate k(10).
299
Let g(f) = -f**2 - 2*f + 10. Calculate g(-6).
-14
Let s(r) = -395*r - 52. Give s(-2).
738
Let m(h) = -242*h + 3602. What is m(15)?
-28
Let r(j) = -j**3 + 17*j**2 - 10*j + 52. Give r(17).
-118
Let z(o) = 48*o - 2222. Determine z(46).
-14
Let i(m) = -3*m**2 - 26*m - 60. What is i(-3)?
-9
Let z(h) = h**3 - 28*h**2 - 66*h + 111. Give z(30).
-69
Let b(x) = 58*x**3 - 2*x**2 + x + 2. Give b(-1).
-59
Let q(h) = h**2 + 8*h + 33. Give q(12).
273
Let g(w) = -1295*w + 2600. What is g(2)?
10
Let z(j) = -j**3 - j**2 + 13*j + 22. Give z(-5).
57
Let o(l) = 21*l - 538. Determine o(27).
29
Let s(z) = 182*z**2 + 3825*z + 29. Determine s(-21).
-34
Let w(z) = -z**2 - 175*z - 2255. Determine w(-14).
-1
Let z(k) = -15*k**2 + 104*k + 15. Calculate z(7).
8
Let n(p) = 3*p**3 - 40*p**2 - 28*p - 23. Determine n(14).
-23
Let p(r) = r**3 - 4*r**2 - 43*r + 199. Determine p(6).
13
Let j(t) = t**3 - 26*t**2 - 45*t - 14. Determine j(27).
-500
Let o(r) = -236*r - 19596. Calculate o(-83).
-8
Let a(r) = -11*r**2 - 64*r - 52. Give a(-1).
1
Let w(q) = 1304*q + 20853. Give w(-16).
-11
Let m(n) = n**2 + 18*n - 56. Determine m(6).
88
Let g(k) = -k**2 + 193*k + 2031. Determine g(-10).
1
Let y(b) = 4*b - 38. Determine y(-4).
-54
Let p(v) = v**3 - 8*v**2 + 13*v - 313. Calculate p(10).
17
Let k(t) = -819*t + 45828. Determine k(56).
-36
Let a(u) = -5*u**3 - 29*u**2 - 19*u - 3. What is a(-5)?
-8
Let s(o) = 1800*o**2 + 7202*o + 8. Calculate s(-4).
0
Let j(d) = -7759*d - 15537. Calculate j(-2).
-19
Let c(a) = 8*a + 117. Determine c(0).
117
Let s(r) = 2*r**3 + 151*r**2 - 69*r + 265. What is s(-76)?
-267
Let i(u) = 119*u + 1149. Calculate i(-10).
-41
Let h(v) = 120*v + 118. Give h(-1).
-2
Let y(m) = -11*m**2 + 7*m + 7. Give y(-1).
-11
Let d(m) = -m**3 - 10*m**2 + 176*m + 1211. What is d(-6)?
11
Let y(f) = f**2 + 97*f + 1268. Calculate y(-80).
-92
Let s(m) = -102*m + 316. Give s(3).
10
Let d(x) = 77*x - 1472. Calculate d(19).
-9
Let j(o) = -415*o + 38586. Give j(93).
-9
Let s(v) = 5487*v - 38420. Give s(7).
-11
Let n(d) = 626*d**2 - 21*d - 14. Calculate n(-1).
633
Let a(s) = -29*s**2 - 10*s + 126. Calculate a(2).
-10
Let u(h) = -3*h**2 - 26*h - 32. Determine u(-10).
-72
Let j(u) = -u**3 + 7*u**2 + 56*u + 66. Calculate j(12).
18
Let m(h) = 14*h + 150. What is m(-7)?
52
Let d(v) = 116*v - 53. Calculate d(6).
643
Let f(z) = 2*z**3 - 37*z**2 - 605*z - 143. Give f(29).
-27
Let x(o) = -22*o + 1933. Calculate x(69).
415
Let x(f) = 2*f**2 + 147*f - 1219. Give x(8).
85
Let u(v) = -56*v - 170. Give u(-3).
-2
Let a(v) = -4*v**2 - 60*v + 46. Give a(-17).
-90
Let t(u) = 2*u**2 - 11*u - 18. Determine t(10).
72
Let r(z) = 2*z**3 + 91*z**2 - 45*z + 54. Give r(-46).
8
Let j(d) = -d**3 + 5*d**2 + 61*d - 300. What is j(5)?
5
Let s(d) = -104*d - 10699. Give s(-103).
13
Let x(j) = 2*j**3 - j**2 - 49*j + 29. Give x(-5).
-1
Let c(b) = -b**3 + 7*b**2 + 1149*b - 4640. Give c(4).
4
Let w(b) = 7*b**2 + 12*b + 14. Calculate w(-2).
18
Let z(h) = h**3 + 12*h**2 - 59*h - 289. Calculate z(-14).
145
Let f(n) = -496*n - 26294. Give f(-53).
-6
Let i(s) = 8*s**2 + 5*s - 64. Give i(0).
-64
Let b(q) = -40*q**2 - 1841*q - 54. Determine b(-46).
-8
Let u(c) = -c**2 - 37*c - 193. Determine u(-7).
17
Let j(p) = 1052*p - 4199. Determine j(4).
9
Let n(h) = -22*h + 119. What is n(3)?
53
Let s(u) = u**2 + 71*u + 787. Determine s(-58).
33
Let m(w) = 4413*w - 8824. What is m(2)?
2
Let s(w) = 185*w + 547. What is s(-3)?
-8
Let j(t) = 3*t**2 + 152*t - 458. Determine j(3).
25
Let h(j) = 3*j**3 - 17*j**2 + 60*j - 371. Determine h(6).
25
Let o(i) = -204*i + 362. Calculate o(2).
-46
Let w(y) = -y**3 - 2*y**2 + 6*y - 4. Calculate w(5).
-149
Let l(v) = -v**3 + 49*v**2 + 159*v - 150. Give l(52).
6
Let n(u) = 188*u - 969. What is n(5)?
-29
Let z(i) = -i**2 - 81*i - 529. Give z(-7).
-11
Let q(n) = -n**3 + 27*n**2 + 14*n + 249. What is q(28)?
-143
Let x(z) = -3896*z + 58446. What is x(15)?
6
Let l(k) = -93*k + 6670. What is l(73)?
-119
Let s(q) = 537*q - 1404. Give s(3).
207
Let m(g) = 6*g**2 + 44*g + 192. Calculate m(-6).
144
Let h(p) = p**3 + 15*p**2 + 18*p - 52. Calculate h(-14).
-108
Let v(l) = l**2 - 23*l + 19. Give v(24).
43
Let r(g) = -4*g**3 - 1229*g**2 + 924*g + 6. Give r(-308).
6
Let b(l) = -l**2 + 51*l - 516. Give b(14).
2
Let n(k) = -k**3 + 12*k**2 - 22*k - 5. Calculate n(5).
60
Let l(q) = 615*q - 9665. What is l(16)?
175
Let u(v) = 77*v + 616. Calculate u(-8).
0
Let l(p) = -19*p + 269. Determine l(7).
136
Let o(j) = -79*j**2 + 1172*j + 194. Determine o(15).
-1
Let r(u) = -435*u + 16130. What is r(37)?
35
Let a(g) = -15*g + 270. Give a(16).
30
Let k(n) = 4*n**2 - 178*n + 100. Determine k(44).
12
Let y(j) = j**2 + 11*j - 118. Determine y(-14).
-76
Let j(z) = -z**2 + 22*z - 34. What is j(9)?
83
Let r(g) = g**3 + 34*g**2 - 76*g - 185. What is r(-35)?
1250
Let k(s) = 12*s**2 - 132*s - 25. What is k(11)?
-25
Let v(q) = 3*q**3 + 47*q**2 - 6*q - 4. Give v(-16).
-164
Let r(w) = -w**3 + 6*w**2 + 4*w + 9. What is r(-2)?
33
Let x(c) = 277*c + 119. Determine x(-2).
-435
Let y(l) = 6123*l + 226537. Calculate y(-37).
-14
Let t(y) = -282*y - 4517. Determine t(-16).
-5
Let h(l) = 2*l**2 - 31*l + 60. What is h(12)?
-24
Let h(o) = 12*o**2 - 40*o - 90. What is h(5)?
10
Let h(u) = -322*u - 32850. Calculate h(-102).
-6
Let o(s) = 3*s - 78. Give o(-12).
-114
Let n(a) = -5*a**2 - 177*a - 976. Calculate n(-7).
18
Let q(t) = 181*t - 5041. What is q(28)?
27
Let o(f) = 15*f - 146. Determine o(9).
-11
Let u(l) = -l**2 + 123*l + 3522. What is u(147)?
-6
Let f(u) = -8*u**2 - 32*u + 4. Give f(-4).
4
Let n(p) = -40*p + 2849. Give n(71).
9
Let n(t) = -t**3 - 7*t**2 + 4*t - 14. Determine n(-6).
-74
Let x(h) = 42*h + 359. Calculate x(-9).
-19
Let v(t) = -16*t**2 + 45*t + 83. Calculate v(-2).
-71
Let i(c) = -78*c - 5451. Determine i(-68).
-147
Let z(d) = -389*d - 3040. Determine z(-8).
72
Let a(o) = -o**3 + 141*o**2 - 1173*o - 7. What is a(9)?
128
Let m(w) = w**3 + w**2 + 4. What is m(3)?
40
Let n(l) = 2*l**3 - 3*l**2 - 6*l - 37. Determine n(0).
-37
Let b(k) = -120*k**2 - 159*k + 159. Give b(1).
-120
Let c(v) = -16*v - 230. What is c(-15)?
10
Let m(l) = -59*l + 351. Give m(6).
-3
Let c(l) = 13*l - 108. What is c(29)?
269
Let x(u) = -u**3 - 27*u**2 - 29*u - 81. Determine x(-26).
-3
Let a(n) = 40*n + 18. What is a(-5)?
-182
Let z(w) = 20*w**3 - 6*w - 9. What is z(-2)?
-157
Let h(i) = i**2 + 16*i + 46. What is h(-12)?
-2
Let l(p) = -7*p + 19. Determine l(-3).
40
Let y(k) = k**3 - 5*k**2 + 69*k - 585. Determine y(7).
-4
Let o(j) = -j**3 - 3*j**2 + 6*j + 13. What is o(3)?
-23
Let m(n) = -n**2 + 43*n + 49. Give m(44).
5
Let c(v) = 3*v**2 + 129*v + 68. What is c(-42)?
-58
Let b(d) = 2*d**2 + 119*d - 720. Calculate b(-65).
-5
Let f(l) = -l**2 - 224*l + 398. Give f(0).
398
Let g(y) = -y**3 + 68*y**2 + 182*y - 2929. Give g(70).
11
Let j(z) = 666*z - 38027. What is j(57)?
-65
Let q(o) = 6*o**2 + 20*o - 9. Calculate q(7).
425
Let o(m) = 110*m - 257. What is o(4)?
183
Let w(h) = 386*h + 40924. Calculate w(-106).
8
Let z(u) = -4*u**2 + 42*u + 81. Determine z(13).
-49
Let z(j) = j**2 + j - 3. What is z(0)?
-3
Let o(u) = -u**3 - 26*u**2 + 2*u + 531. Calculate o(-25).
-144
Let t(m) = -5*m + 39. Determine t(16).
-41
Let d(l) = -2*l**3 + 58*l**2 - 197*l - 11. What is d(25)?
64
Let u(q) = -120*q - 822. Give u(-7).
18
Let q(f) = -92*f**2 - 3. Give q(2).
-371
Let b(m) = 3*m**3 - 5*m**2 - 38. What is b(7)?
746
Let s(m) = -m**3 + 11*m**2 + 12*m - 56. What is s(11)?
76
Let o(p) = 2*p**3 + 80*p**2 + 551*p - 72. What is o(-9)?
-9
Let k(a) = -2*a**2 + 39*a + 221. Determine k(-6).
-85
Let d(r) = 11*r**3 + 66*r**2 - 4*r - 20. Determine d(-6).
4
Let r(k) = -50*k - 161. Give r(-5).
89
Let o(g) = -4*g**2 + 39*g + 184. Give o(13).
15
Let t(r) = r**2 + 44*r + 204. Determine t(-5).
9
Let n(u) = -u**3 + 23*u**2 - 21*u + 7. What is n(22)?
29
Let m(h) = 7*h**2 - 35*h + 5. Give m(3).
-37
Let o(c) = -c**3 + 8*c**2 + 37*c + 125. What is o(12)?
-7
Let b(t) = -19*t*